{"id":25,"date":"2025-04-15T15:42:53","date_gmt":"2025-04-15T15:42:53","guid":{"rendered":"https:\/\/www.propesq.ufpb.br\/enic\/?page_id=25"},"modified":"2025-04-15T15:42:53","modified_gmt":"2025-04-15T15:42:53","slug":"documentos","status":"publish","type":"page","link":"https:\/\/www.propesq.ufpb.br\/enic\/documentos\/","title":{"rendered":"Documentos"},"content":{"rendered":"\n<p><a href=\"http:\/\/plone.ufpb.br\/enic\/contents\/documentos\/mesaredonda_enic.jpg\/view\">Mesa Redonda<\/a>\u00a0<\/p>\n\n\n\n<p><a href=\"http:\/\/plone.ufpb.br\/enic\/contents\/documentos\/xxv_enic_programacao_geral_apresentacoes.xlsx\/view\">XXV ENIC Programa\u00e7\u00e3o Geral Apresenta\u00e7\u00f5es<\/a><\/p>\n\n\n\n<p><a href=\"http:\/\/plone.ufpb.br\/enic\/contents\/documentos\/lista_premiados_enic2017.pdf\/view\">Premiados ENIC 2017<\/a><\/p>\n\n\n\n<p><a href=\"http:\/\/plone.ufpb.br\/enic\/contents\/documentos\/programacao-premiacao-enic-2018\/view\">Programa\u00e7\u00e3o Premia\u00e7\u00e3o ENIC 2018<\/a>\u00a0<\/p>\n\n\n\n<p><a href=\"http:\/\/plone.ufpb.br\/enic\/contents\/documentos\/programacao-enic-2018-campus-iii\/view\">Programa\u00e7\u00e3o ENIC 2018 &#8211; Campus III<\/a><\/p>\n\n\n\n<p><a href=\"http:\/\/plone.ufpb.br\/enic\/contents\/documentos\/programacao-enic-2018-campus-i-e-iv\/view\">Programa\u00e7\u00e3o ENIC 2018 &#8211; Campus I e IV<\/a>\u00a0<\/p>\n\n\n\n<p><a href=\"http:\/\/plone.ufpb.br\/enic\/contents\/documentos\/programacao-palestras.pdf\/view\">Programa\u00e7\u00e3o das Palestras ENIC 2018<\/a>\u00a0<\/p>\n\n\n\n<p><a href=\"http:\/\/plone.ufpb.br\/enic\/contents\/documentos\/programacao-geral-enic-2019-campus-i\/view\">Programa\u00e7\u00e3o Geral ENIC 2019 &#8211; Campus I<\/a><\/p>\n\n\n\n<p><a href=\"http:\/\/plone.ufpb.br\/enic\/contents\/documentos\/programacao-geral-enic-2019-campus-ii\/view\">Programa\u00e7\u00e3o Geral ENIC 2019 &#8211; Campus II<\/a><\/p>\n\n\n\n<p><a href=\"http:\/\/plone.ufpb.br\/enic\/contents\/documentos\/programacao-geral-enic-2019-campus-iv\/view\">Programa\u00e7\u00e3o Geral ENIC 2019 &#8211; Campus IV<\/a><\/p>\n\n\n\n<p><a href=\"http:\/\/plone.ufpb.br\/enic\/contents\/documentos\/programacao-das-palestras-enic-2019-campus-i\/view\">Programa\u00e7\u00e3o das Palestras ENIC 2019 &#8211; Campus I<\/a><\/p>\n\n\n\n<p><a href=\"http:\/\/plone.ufpb.br\/enic\/contents\/documentos\/programacao-das-palestras-enic-2019-campus-ii\/view\">Programa\u00e7\u00e3o das Palestras ENIC 2019 &#8211; Campus II<\/a>\u00a0<\/p>\n\n\n\n<p><a href=\"http:\/\/plone.ufpb.br\/enic\/contents\/documentos\/programacao-das-palestras-enic-2019-campus-iv\/view\">Programa\u00e7\u00e3o das Palestras ENIC 2019 &#8211; Campus IV<\/a><\/p>\n\n\n\n<p><a href=\"http:\/\/plone.ufpb.br\/enic\/contents\/documentos\/Programacao%20Completa%20XVII%20ENIC\/view\">Programa\u00e7\u00e3o Completa XVII ENIC<\/a><\/p>\n\n\n\n<p><a href=\"http:\/\/plone.ufpb.br\/enic\/contents\/documentos\/normas-enic-2019.pdf\/view\">Normas ENIC 2019<\/a><\/p>\n\n\n\n<p><a href=\"http:\/\/plone.ufpb.br\/enic\/contents\/documentos\/mapeamento-das-salas-enic-2019\/view\">Mapeamento das salas Enic 2019<\/a><\/p>\n\n\n\n<p><a href=\"http:\/\/plone.ufpb.br\/enic\/contents\/documentos\/programacao-geral-enic-2020\/view\">Programa\u00e7\u00e3o Geral &#8211; ENIC 2020<\/a><\/p>\n\n\n\n<p><a href=\"http:\/\/plone.ufpb.br\/enic\/contents\/documentos\/normas-enic-2020-retificado\/view\">Normas ENIC 2020 &#8211; Retificado<\/a><\/p>\n\n\n\n<p><a href=\"http:\/\/plone.ufpb.br\/enic\/contents\/documentos\/normas_enic_2021_5.pdf\/view\">Normas ENIC 2021 &#8211; XXIX<\/a><\/p>\n\n\n\n<p><a href=\"http:\/\/plone.ufpb.br\/enic\/contents\/documentos\/tutoria-para-avaliacao-apresentacoes-enic\/view\">Tutoria para Avalia\u00e7\u00e3o Apresenta\u00e7\u00f5es ENIC<\/a><\/p>\n\n\n\n<p><a href=\"http:\/\/plone.ufpb.br\/enic\/contents\/documentos\/programacao-geral-xxix-enic\/view\">Programa\u00e7\u00e3o Geral XXIX ENIC<\/a><\/p>\n\n\n\n<p><a href=\"http:\/\/plone.ufpb.br\/enic\/contents\/documentos\/normas-gerais-enic-2022\/view\">Normas Gerais ENIC 2022<\/a><\/p>\n\n\n\n<p><a href=\"http:\/\/plone.ufpb.br\/enic\/contents\/documentos\/programacao-geral-campus-i\/view\">Programa\u00e7\u00e3o Geral Campus I<\/a>\u00a0<\/p>\n\n\n\n<p><a href=\"http:\/\/plone.ufpb.br\/enic\/contents\/documentos\/programacao-palestras-campus-i\/view\">Programa\u00e7\u00e3o Palestras Campus I<\/a>\u00a0<\/p>\n\n\n\n<p><a href=\"http:\/\/plone.ufpb.br\/enic\/contents\/documentos\/normas-gerais-enic-2023-prorrogado2.pdf\/view\">Normas Gerais &#8211; XXXI ENIC &#8211; 2023<\/a><\/p>\n\n\n\n<p><a href=\"http:\/\/plone.ufpb.br\/enic\/contents\/documentos\/tutorial-avaliacao-enic\/view\">Tutorial Avalia\u00e7\u00e3o ENIC<\/a><\/p>\n","protected":false},"excerpt":{"rendered":"<p>Mesa Redonda\u00a0 XXV ENIC Programa\u00e7\u00e3o Geral Apresenta\u00e7\u00f5es Premiados ENIC 2017 Programa\u00e7\u00e3o Premia\u00e7\u00e3o ENIC 2018\u00a0 Programa\u00e7\u00e3o [&hellip;]<\/p>\n","protected":false},"author":47,"featured_media":0,"parent":0,"menu_order":0,"comment_status":"closed","ping_status":"closed","template":"","meta":{"footnotes":""},"class_list":["post-25","page","type-page","status-publish","hentry"],"_links":{"self":[{"href":"https:\/\/www.propesq.ufpb.br\/enic\/wp-json\/wp\/v2\/pages\/25","targetHints":{"allow":["GET"]}}],"collection":[{"href":"https:\/\/www.propesq.ufpb.br\/enic\/wp-json\/wp\/v2\/pages"}],"about":[{"href":"https:\/\/www.propesq.ufpb.br\/enic\/wp-json\/wp\/v2\/types\/page"}],"author":[{"embeddable":true,"href":"https:\/\/www.propesq.ufpb.br\/enic\/wp-json\/wp\/v2\/users\/47"}],"replies":[{"embeddable":true,"href":"https:\/\/www.propesq.ufpb.br\/enic\/wp-json\/wp\/v2\/comments?post=25"}],"version-history":[{"count":1,"href":"https:\/\/www.propesq.ufpb.br\/enic\/wp-json\/wp\/v2\/pages\/25\/revisions"}],"predecessor-version":[{"id":26,"href":"https:\/\/www.propesq.ufpb.br\/enic\/wp-json\/wp\/v2\/pages\/25\/revisions\/26"}],"wp:attachment":[{"href":"https:\/\/www.propesq.ufpb.br\/enic\/wp-json\/wp\/v2\/media?parent=25"}],"curies":[{"name":"wp","href":"https:\/\/api.w.org\/{rel}","templated":true}]}}